at is the ten thousands digit of 4203728?
0
What is the hundreds digit of 2948042?
0
What is the tens digit of 18730644?
4
What is the ten thousands digit of 103491?
0
What is the units digit of 21258431?
1
What is the tens digit of 156965?
6
What is the thousands digit of 16254632?
4
What is the thousands digit of 30904?
0
What is the hundreds digit of 1928934?
9
What is the thousands digit of 1120415?
0
What is the millions digit of 12830694?
2
What is the ten thousands digit of 64526?
6
What is the hundreds digit of 3684530?
5
What is the hundreds digit of 9663297?
2
What is the thousands digit of 24257932?
7
What is the tens digit of 171290?
9
What is the hundreds digit of 1906622?
6
What is the hundreds digit of 20744816?
8
What is the thousands digit of 3736107?
6
What is the ten thousands digit of 77411?
7
What is the hundred thousands digit of 264155?
2
What is the hundred thousands digit of 12431227?
4
What is the units digit of 1719364?
4
What is the thousands digit of 30258?
0
What is the units digit of 165999?
9
What is the thousands digit of 512899?
2
What is the ten thousands digit of 36005?
3
What is the tens digit of 3054404?
0
What is the thousands digit of 330393?
0
What is the hundreds digit of 13718170?
1
What is the hundreds digit of 3491136?
1
What is the tens digit of 337596?
9
What is the units digit of 2193423?
3
What is the ten millions digit of 15838232?
1
What is the tens digit of 536935?
3
What is the hundreds digit of 1387831?
8
What is the hundred thousands digit of 6367937?
3
What is the hundred thousands digit of 763849?
7
What is the ten thousands digit of 643872?
4
What is the hundreds digit of 218672?
6
What is the ten thousands digit of 388597?
8
What is the millions digit of 2745781?
2
What is the units digit of 818237?
7
What is the thousands digit of 279052?
9
What is the ten thousands digit of 5283260?
8
What is the hundred thousands digit of 875689?
8
What is the ten thousands digit of 12404?
1
What is the ten thousands digit of 6441997?
4
What is the ten thousands digit of 1237177?
3
What is the units digit of 558157?
7
What is the millions digit of 7568972?
7
What is the units digit of 3032722?
2
What is the millions digit of 3910199?
3
What is the tens digit of 6601167?
6
What is the tens digit of 136688?
8
What is the hundred thousands digit of 527135?
5
What is the hundreds digit of 1308360?
3
What is the units digit of 9999234?
4
What is the ten millions digit of 22314230?
2
What is the tens digit of 194985?
8
What is the hundred thousands digit of 204039?
2
What is the units digit of 25825?
5
What is the thousands digit of 124349?
4
What is the hundreds digit of 14794263?
2
What is the hundreds digit of 6514783?
7
What is the hundreds digit of 8632472?
4
What is the hundred thousands digit of 686652?
6
What is the hundreds digit of 14113?
1
What is the ten thousands digit of 346464?
4
What is the millions digit of 3222621?
3
What is the ten thousands digit of 2976788?
7
What is the ten thousands digit of 14229180?
2
What is the units digit of 389967?
7
What is the tens digit of 3149957?
5
What is the hundred thousands digit of 372233?
3
What is the thousands digit of 1063590?
3
What is the hundreds digit of 10814393?
3
What is the thousands digit of 683639?
3
What is the ten thousands digit of 21063119?
6
What is the ten thousands digit of 96147?
9
What is the ten thousands digit of 112377?
1
What is the tens digit of 3691983?
8
What is the hundreds digit of 3725419?
4
What is the thousands digit of 42511?
2
What is the units digit of 31176103?
3
What is the ten thousands digit of 1132007?
3
What is the hundreds digit of 392440?
4
What is the tens digit of 9211843?
4
What is the hundreds digit of 31484?
4
What is the hundreds digit of 257761?
7
What is the hundreds digit of 179967?
9
What is the tens digit of 2034016?
1
What is the millions digit of 3302574?
3
What is the units digit of 1476895?
5
What is the hundreds digit of 17616320?
3
What is the hundreds digit of 3180504?
5
What is the thousands digit of 4800239?
0
What is the hundred thousands digit of 986363?
9
What is the hundreds digit of 1184589?
5
What is the millions digit of 25407017?
5
What is the thousands digit of 7377781?
7
What is the units digit of 791925?
5
What is the tens digit of 577475?
7
What is the hundreds digit of 639055?
0
What is the ten thousands digit of 2017295?
1
What is the hundred thousands digit of 2163873?
1
What is the tens digit of 440465?
6
What is the tens digit of 15675162?
6
What is the thousands digit of 802905?
2
What is the ten thousands digit of 44001?
4
What is the millions digit of 11490522?
1
What is the thousands digit of 415993?
5
What is the units digit of 221240?
0
What is the hundreds digit of 4280876?
8
What is the ten thousands digit of 5006003?
0
What is the hundreds digit of 294625?
6
What is the ten thousands digit of 575591?
7
What is the hundreds digit of 363240?
2
What is the thousands digit of 87310?
7
What is the units digit of 497296?
6
What is the hundred thousands digit of 975780?
9
What is the hundreds digit of 166077?
0
What is the millions digit of 6184788?
6
What is the ten thousands digit of 567010?
6
What is the units digit of 212114?
4
What is the units digit of 35728759?
9
What is the tens digit of 2705?
0
What is the tens digit of 462518?
1
What is the tens digit of 3839?
3
What is the thousands digit of 2175197?
5
What is the units digit of 287431?
1
What is the thousands digit of 15753?
5
What is the hundreds digit of 61104?
1
What is the thousands digit of 127155?
7
What is the thousands digit of 4713732?
3
What is the thousands digit of 11975832?
5
What is the tens digit of 7284309?
0
What is the hundred thousands digit of 570511?
5
What is the thousands digit of 1094268?
4
What is the hundreds digit of 186223?
2
What is the millions digit of 2870116?
2
What is the ten thousands digit of 5921777?
2
What is the units digit of 188278?
8
What is the hundreds digit of 29383?
3
What is the millions digit of 1694167?
1
What is the ten thousands digit of 1251560?
5
What is the thousands digit of 238800?
8
What is the ten thousands digit of 842216?
4
What is the ten thousands digit of 9508688?
0
What is the thousands digit of 18981274?
1
What is the hundred thousands digit of 265625?
2
What is the units digit of 9321577?
7
What is the ten thousands digit of 35864466?
6
What is the thousands digit of 336793?
6
What is the ten thousands digit of 1243603?
4
What is the units digit of 3696130?
0
What is the hundred thousands digit of 425223?
4
What is the units digit of 16641554?
4
What is the units digit of 790841?
1
What is the tens digit of 557667?
6
What is the ten thousands digit of 3315266?
1
What is the hundreds digit of 1509258?
2
What is the units digit of 175540?
0
What is the hundred thousands digit of 184928?
1
What is the tens digit of 53333?
3
What is the hundred thousands digit of 964552?
9
What is the ten thousands digit of 2996642?
9
What is the hundred thousands digit of 871558?
8
What is the thousands digit of 569250?
9
What is the units digit of 200345?
5
What is the tens digit of 339819?
1
What is the hundreds digit of 591742?
7
What is the thousands digit of 630700?
0
What is the hundred thousands digit of 1359317?
3
What is the units digit of 1463223?
3
What is the hundred thousands digit of 4372750?
3
What is the hundreds digit of 53223?
2
What is the hundred thousands digit of 4824396?
8
What is the units digit of 10503597?
7
What is the ten thousands digit of 57005?
5
What is the thousands digit of 69053?
9
What is the hundred thousands digit of 3527013?
5
What is the tens digit of 394826?
2
What is the millions digit of 27995652?
7
What is the millions digit of 2466322?
2
What is the units digit of 1778148?
8
What is the hundreds digit of 15701?
7
What is the ten thousands digit of 1595036?
9
What is the hundred thousands digit of 3650989?
6
What is the hundred thousands digit of 330522?
3
What is the thousands digit of 13699316?
9
What is the millions digit of 4968166?
4
What is the hundred thousands digit of 364727?
3
What is the thousands digit of 1029549?
9
What is the thousands digit of 22288?
2
What is the tens digit of 513033?
3
What is t